{"id":102,"date":"2024-09-05T18:19:26","date_gmt":"2024-09-05T16:19:26","guid":{"rendered":"https:\/\/maywas.com\/?page_id=102"},"modified":"2024-09-06T16:32:59","modified_gmt":"2024-09-06T14:32:59","slug":"rd","status":"publish","type":"page","link":"https:\/\/maywas.com\/index.php\/rd\/","title":{"rendered":"R&#038;D : le MAY\/WAS\/LAB"},"content":{"rendered":"\n<figure class=\"wp-block-gallery has-nested-images columns-3 is-cropped wp-block-gallery-1 is-layout-flex wp-block-gallery-is-layout-flex\">\n<figure class=\"wp-block-image size-large\"><a href=\"https:\/\/maywas.com\/wp-content\/uploads\/2024\/09\/MW_RD_02.png\" target=\"_blank\" rel=\"noopener\"><img loading=\"lazy\" decoding=\"async\" width=\"1024\" height=\"1006\" data-id=\"154\" src=\"https:\/\/maywas.com\/wp-content\/uploads\/2024\/09\/MW_RD_02-1024x1006.png\" alt=\"\" class=\"wp-image-154\" srcset=\"https:\/\/maywas.com\/wp-content\/uploads\/2024\/09\/MW_RD_02-1024x1006.png 1024w, https:\/\/maywas.com\/wp-content\/uploads\/2024\/09\/MW_RD_02-300x295.png 300w, https:\/\/maywas.com\/wp-content\/uploads\/2024\/09\/MW_RD_02-768x754.png 768w, https:\/\/maywas.com\/wp-content\/uploads\/2024\/09\/MW_RD_02-1536x1508.png 1536w, https:\/\/maywas.com\/wp-content\/uploads\/2024\/09\/MW_RD_02.png 1996w\" sizes=\"auto, (max-width: 1024px) 100vw, 1024px\" \/><\/a><\/figure>\n\n\n\n<figure class=\"wp-block-image size-large\"><a href=\"https:\/\/maywas.com\/wp-content\/uploads\/2024\/09\/MW_RD_01.png\" target=\"_blank\" rel=\"noopener\"><img loading=\"lazy\" decoding=\"async\" width=\"1024\" height=\"1011\" data-id=\"153\" src=\"https:\/\/maywas.com\/wp-content\/uploads\/2024\/09\/MW_RD_01-1024x1011.png\" alt=\"\" class=\"wp-image-153\" srcset=\"https:\/\/maywas.com\/wp-content\/uploads\/2024\/09\/MW_RD_01-1024x1011.png 1024w, https:\/\/maywas.com\/wp-content\/uploads\/2024\/09\/MW_RD_01-300x296.png 300w, https:\/\/maywas.com\/wp-content\/uploads\/2024\/09\/MW_RD_01-768x758.png 768w, https:\/\/maywas.com\/wp-content\/uploads\/2024\/09\/MW_RD_01-1536x1517.png 1536w, https:\/\/maywas.com\/wp-content\/uploads\/2024\/09\/MW_RD_01.png 2000w\" sizes=\"auto, (max-width: 1024px) 100vw, 1024px\" \/><\/a><\/figure>\n\n\n\n<figure class=\"wp-block-image size-large\"><a href=\"https:\/\/maywas.com\/wp-content\/uploads\/2024\/09\/MW_RD_03.png\" target=\"_blank\" rel=\"noopener\"><img loading=\"lazy\" decoding=\"async\" width=\"1024\" height=\"978\" data-id=\"155\" src=\"https:\/\/maywas.com\/wp-content\/uploads\/2024\/09\/MW_RD_03-1024x978.png\" alt=\"\" class=\"wp-image-155\" srcset=\"https:\/\/maywas.com\/wp-content\/uploads\/2024\/09\/MW_RD_03-1024x978.png 1024w, https:\/\/maywas.com\/wp-content\/uploads\/2024\/09\/MW_RD_03-300x287.png 300w, https:\/\/maywas.com\/wp-content\/uploads\/2024\/09\/MW_RD_03-768x733.png 768w, https:\/\/maywas.com\/wp-content\/uploads\/2024\/09\/MW_RD_03-1536x1467.png 1536w, https:\/\/maywas.com\/wp-content\/uploads\/2024\/09\/MW_RD_03.png 2000w\" sizes=\"auto, (max-width: 1024px) 100vw, 1024px\" \/><\/a><\/figure>\n\n\n\n<figure class=\"wp-block-image size-full\"><a href=\"https:\/\/maywas.com\/wp-content\/uploads\/2024\/09\/Bloom_02.png\" target=\"_blank\" rel=\"noopener\"><img loading=\"lazy\" decoding=\"async\" width=\"2000\" height=\"1310\" data-id=\"157\" src=\"https:\/\/maywas.com\/wp-content\/uploads\/2024\/09\/Bloom_02.png\" alt=\"\" class=\"wp-image-157\" srcset=\"https:\/\/maywas.com\/wp-content\/uploads\/2024\/09\/Bloom_02.png 2000w, https:\/\/maywas.com\/wp-content\/uploads\/2024\/09\/Bloom_02-300x197.png 300w, https:\/\/maywas.com\/wp-content\/uploads\/2024\/09\/Bloom_02-1024x671.png 1024w, https:\/\/maywas.com\/wp-content\/uploads\/2024\/09\/Bloom_02-768x503.png 768w, https:\/\/maywas.com\/wp-content\/uploads\/2024\/09\/Bloom_02-1536x1006.png 1536w\" sizes=\"auto, (max-width: 2000px) 100vw, 2000px\" \/><\/a><\/figure>\n<\/figure>\n\n\n\n<div class=\"wp-block-columns is-layout-flex wp-container-core-columns-is-layout-9503679e wp-block-columns-is-layout-flex\">\n<div class=\"wp-block-column is-layout-flow wp-block-column-is-layout-flow\">\n<p>MAY\/WAS\/LAB est notre laboratoire R&amp;D. En plus de maintenir une veille technologique software et hardware, c&rsquo;est le lieu o\u00f9 nous exp\u00e9rimentons les technologies immersives, o\u00f9 nous travaillons sur les ponts entre les logiciels de conception (architecture et design) avec la 3D en temps r\u00e9el, et o\u00f9 nous laissons libre cours \u00e0 notre cr\u00e9ativit\u00e9.<\/p>\n<\/div>\n\n\n\n<div class=\"wp-block-column is-layout-flow wp-block-column-is-layout-flow\">\n<p>Le but \u00e9tant proposer des exp\u00e9riences immersives toujours plus qualitatives et originales, et imaginer le futur de celles-ci gr\u00e2ce aux nouvelles technologies.<\/p>\n<\/div>\n<\/div>\n","protected":false},"excerpt":{"rendered":"<p>MAY\/WAS\/LAB est notre laboratoire R&amp;D. En plus de maintenir une veille technologique software et hardware, c&rsquo;est le lieu o\u00f9 nous exp\u00e9rimentons les technologies immersives, o\u00f9 nous travaillons sur les ponts entre les logiciels de conception (architecture et design) avec la 3D en temps r\u00e9el, et o\u00f9 nous laissons libre cours \u00e0 notre cr\u00e9ativit\u00e9. Le but [&hellip;]<\/p>\n","protected":false},"author":1,"featured_media":0,"parent":0,"menu_order":0,"comment_status":"closed","ping_status":"closed","template":"","meta":{"footnotes":""},"class_list":["post-102","page","type-page","status-publish","hentry"],"_links":{"self":[{"href":"https:\/\/maywas.com\/index.php\/wp-json\/wp\/v2\/pages\/102","targetHints":{"allow":["GET"]}}],"collection":[{"href":"https:\/\/maywas.com\/index.php\/wp-json\/wp\/v2\/pages"}],"about":[{"href":"https:\/\/maywas.com\/index.php\/wp-json\/wp\/v2\/types\/page"}],"author":[{"embeddable":true,"href":"https:\/\/maywas.com\/index.php\/wp-json\/wp\/v2\/users\/1"}],"replies":[{"embeddable":true,"href":"https:\/\/maywas.com\/index.php\/wp-json\/wp\/v2\/comments?post=102"}],"version-history":[{"count":10,"href":"https:\/\/maywas.com\/index.php\/wp-json\/wp\/v2\/pages\/102\/revisions"}],"predecessor-version":[{"id":161,"href":"https:\/\/maywas.com\/index.php\/wp-json\/wp\/v2\/pages\/102\/revisions\/161"}],"wp:attachment":[{"href":"https:\/\/maywas.com\/index.php\/wp-json\/wp\/v2\/media?parent=102"}],"curies":[{"name":"wp","href":"https:\/\/api.w.org\/{rel}","templated":true}]}}